{"id":3734,"date":"2024-10-11T18:19:35","date_gmt":"2024-10-11T18:19:35","guid":{"rendered":"https:\/\/panamaimage.com\/noticias\/?page_id=3734"},"modified":"2024-10-11T18:19:39","modified_gmt":"2024-10-11T18:19:39","slug":"banconal-celebra-120-anos-reafirmando-su-compromiso-con-el-sector-agropecuario","status":"publish","type":"page","link":"https:\/\/panamaimage.com\/noticias\/banconal-celebra-120-anos-reafirmando-su-compromiso-con-el-sector-agropecuario\/","title":{"rendered":"Banconal celebra 120 a\u00f1os reafirmando su compromiso con el sector agropecuario"},"content":{"rendered":"\n<p><\/p>\n\n\n\n<p>Al cierre de septiembre, Banconal alcanz\u00f3 una cartera total de B\/. 8,015.5 millones, un crecimiento del 20% respecto al 2023, reafirmando su compromiso con productos y servicios financieros de calidad.<\/p>\n\n\n\n<p>Panam\u00e1, 11 de octubre de 2024. En el marco de su 120 aniversario, Banco Nacional de Panam\u00e1 cimenta su liderazgo en el impulso al sector agropecuario, con un crecimiento sostenido. Durante su 3er. Encuentro Agropecuario de Invierno, la entidad no s\u00f3lo destac\u00f3 su apoyo continuo a los productores, sino que tambi\u00e9n llev\u00f3 a cabo la entrega de la condecoraci\u00f3n Luis Ernesto D\u00edaz Garc\u00eda de Paredes, un homenaje p\u00f3stumo a este \u00edntegro banquero, productor y defensor del sector agropecuario, quien sirvi\u00f3 a esta entidad bancaria durante 40 a\u00f1os. Este reconocimiento celebra las buenas pr\u00e1cticas de los productores en sus empresas, resaltando su invaluable contribuci\u00f3n al fortalecimiento del sector primario y la sostenibilidad de la agroindustria paname\u00f1a.<\/p>\n\n\n\n<p>Crecimiento Financiero Sustancial: Al cierre del mes de septiembre de 2024, Banconal alcanz\u00f3 una cartera total agropecuaria de B\/. 647.0 millones, lo que representa un incremento de B\/. 33.7 millones en comparaci\u00f3n con los B\/. 613.3 millones del mismo periodo del a\u00f1o pasado. Este crecimiento del 5% evidencia el compromiso del banco de seguir fortaleciendo su presencia en el mercado, a trav\u00e9s de productos y servicios financieros de calidad.<\/p>\n\n\n\n<p>Javier Carrizo Esquivel, gerente general de Banco Nacional de Panam\u00e1, destac\u00f3 este logro, resaltando que \u00abeste importante crecimiento es el resultado del esfuerzo continuo de toda la fuerza Banconal, enfocada en brindar un servicio de excelencia a su Majestad el Cliente\u00bb.<\/p>\n\n\n\n<p>Del total de la cartera agropecuaria, B\/. 487.7 millones corresponden a pr\u00e9stamos destinado a la ganader\u00eda; B\/.146.1 millones al sector agr\u00edcola, reflejando un incremento de B\/. 17.5 y B\/. 13.1 millones respectivamente, con respecto al cierre de septiembre de 2023. \u00abEste aumento refuerza nuestro apoyo constante a los sectores clave de la econom\u00eda, como el agropecuario que es fundamental para el desarrollo sostenible y la seguridad alimentaria del pa\u00eds\u00bb, a\u00f1adi\u00f3 Carrizo Esquivel.<\/p>\n\n\n\n<p>Cabe destacar que la entidad tiene presupuestado desembolsar un monto de B\/.63.9 millones para apoyar al productor agropecuario de la regi\u00f3n metropolitana (Panam\u00e1, Panam\u00e1 Oeste, Col\u00f3n y Dari\u00e9n), durante el 2024.<\/p>\n\n\n\n<p>Reconocimiento Luis D\u00edaz y 3er. Encuentro Agropecuario de Invierno: Durante el Encuentro Agropecuario de Invierno, Banconal resalt\u00f3 su sostenido apoyo a los productores con capacitaci\u00f3n continua, destacando temas cruciales para el futuro de este segmento, como la \u00abExperiencia en el Emprendimiento para la Producci\u00f3n de Arroz Bajo en Carbono\u00bb, presentado por Karen Gonz\u00e1lez, presidenta de la Asociaci\u00f3n Nacional de Productoras y Pioneras en Arroz Bajo en Carbono. El evento tambi\u00e9n incluy\u00f3 un an\u00e1lisis sobre el impacto de la desgravaci\u00f3n del Tratado de Promoci\u00f3n Comercial (TPC) en el agro, a cargo de Alexis Arcenio Pineda.<\/p>\n\n\n\n<p>El evento fue propicio para reconocer a un grupo destacado de l\u00edderes en el sector. El galard\u00f3n Luis Ernesto D\u00edaz se entreg\u00f3 a: Price Peterson, de Hacienda La Esmeralda; Fantina Barranco de Arce y Jes\u00fas Arce Valbuena, del Grupo Arce e Ilca Molina Oca\u00f1a. Adicional, se entreg\u00f3 por primera vez la categor\u00eda \u201cRelevo Generacional\u201d a Jos\u00e9 Alcibiades Espinosa Dom\u00ednguez, de Porcinocultura Don Bosco.<\/p>\n\n\n\n<p>El compromiso de cada uno y su visi\u00f3n estrat\u00e9gica han impulsado el desarrollo y sostenibilidad del sector agropecuario en Panam\u00e1. Estos reconocimientos destacan la importancia del liderazgo en la preservaci\u00f3n y crecimiento de empresas, clave para la econom\u00eda del pa\u00eds.<\/p>\n\n\n\n<figure class=\"wp-block-image size-large\"><a href=\"https:\/\/panamaimage.com\/noticias\/wp-content\/uploads\/2024\/10\/IMG-20241011-WA0108.jpg\"><img loading=\"lazy\" decoding=\"async\" width=\"1024\" height=\"768\" src=\"https:\/\/panamaimage.com\/noticias\/wp-content\/uploads\/2024\/10\/IMG-20241011-WA0108-1024x768.jpg\" alt=\"\" class=\"wp-image-3742\" title=\"\" srcset=\"https:\/\/panamaimage.com\/noticias\/wp-content\/uploads\/2024\/10\/IMG-20241011-WA0108-1024x768.jpg 1024w, https:\/\/panamaimage.com\/noticias\/wp-content\/uploads\/2024\/10\/IMG-20241011-WA0108-300x225.jpg 300w, https:\/\/panamaimage.com\/noticias\/wp-content\/uploads\/2024\/10\/IMG-20241011-WA0108-768x576.jpg 768w, https:\/\/panamaimage.com\/noticias\/wp-content\/uploads\/2024\/10\/IMG-20241011-WA0108-1536x1152.jpg 1536w, https:\/\/panamaimage.com\/noticias\/wp-content\/uploads\/2024\/10\/IMG-20241011-WA0108.jpg 1600w\" sizes=\"auto, (max-width: 1024px) 100vw, 1024px\" \/><\/a><\/figure>\n\n\n\n<figure class=\"wp-block-image size-large\"><a href=\"https:\/\/panamaimage.com\/noticias\/wp-content\/uploads\/2024\/10\/IMG-20241011-WA0112.jpg\"><img loading=\"lazy\" decoding=\"async\" width=\"1024\" height=\"768\" src=\"https:\/\/panamaimage.com\/noticias\/wp-content\/uploads\/2024\/10\/IMG-20241011-WA0112-1024x768.jpg\" alt=\"\" class=\"wp-image-3741\" title=\"\" srcset=\"https:\/\/panamaimage.com\/noticias\/wp-content\/uploads\/2024\/10\/IMG-20241011-WA0112-1024x768.jpg 1024w, https:\/\/panamaimage.com\/noticias\/wp-content\/uploads\/2024\/10\/IMG-20241011-WA0112-300x225.jpg 300w, https:\/\/panamaimage.com\/noticias\/wp-content\/uploads\/2024\/10\/IMG-20241011-WA0112-768x576.jpg 768w, https:\/\/panamaimage.com\/noticias\/wp-content\/uploads\/2024\/10\/IMG-20241011-WA0112-1536x1152.jpg 1536w, https:\/\/panamaimage.com\/noticias\/wp-content\/uploads\/2024\/10\/IMG-20241011-WA0112.jpg 1600w\" sizes=\"auto, (max-width: 1024px) 100vw, 1024px\" \/><\/a><\/figure>\n\n\n\n<p><\/p>\n\n\n\n<figure class=\"wp-block-image size-large\"><a href=\"https:\/\/panamaimage.com\/noticias\/wp-content\/uploads\/2024\/10\/IMG-20241011-WA0109.jpg\"><img loading=\"lazy\" decoding=\"async\" width=\"1024\" height=\"768\" src=\"https:\/\/panamaimage.com\/noticias\/wp-content\/uploads\/2024\/10\/IMG-20241011-WA0109-1024x768.jpg\" alt=\"\" class=\"wp-image-3738\" title=\"\" srcset=\"https:\/\/panamaimage.com\/noticias\/wp-content\/uploads\/2024\/10\/IMG-20241011-WA0109-1024x768.jpg 1024w, https:\/\/panamaimage.com\/noticias\/wp-content\/uploads\/2024\/10\/IMG-20241011-WA0109-300x225.jpg 300w, https:\/\/panamaimage.com\/noticias\/wp-content\/uploads\/2024\/10\/IMG-20241011-WA0109-768x576.jpg 768w, https:\/\/panamaimage.com\/noticias\/wp-content\/uploads\/2024\/10\/IMG-20241011-WA0109-1536x1152.jpg 1536w, https:\/\/panamaimage.com\/noticias\/wp-content\/uploads\/2024\/10\/IMG-20241011-WA0109.jpg 1600w\" sizes=\"auto, (max-width: 1024px) 100vw, 1024px\" \/><\/a><\/figure>\n\n\n\n<p><\/p>\n\n\n\n<figure class=\"wp-block-image size-large\"><a href=\"https:\/\/panamaimage.com\/noticias\/wp-content\/uploads\/2024\/10\/IMG-20241011-WA0111.jpg\"><img loading=\"lazy\" decoding=\"async\" width=\"1024\" height=\"768\" src=\"https:\/\/panamaimage.com\/noticias\/wp-content\/uploads\/2024\/10\/IMG-20241011-WA0111-1024x768.jpg\" alt=\"\" class=\"wp-image-3740\" title=\"\" srcset=\"https:\/\/panamaimage.com\/noticias\/wp-content\/uploads\/2024\/10\/IMG-20241011-WA0111-1024x768.jpg 1024w, https:\/\/panamaimage.com\/noticias\/wp-content\/uploads\/2024\/10\/IMG-20241011-WA0111-300x225.jpg 300w, https:\/\/panamaimage.com\/noticias\/wp-content\/uploads\/2024\/10\/IMG-20241011-WA0111-768x576.jpg 768w, https:\/\/panamaimage.com\/noticias\/wp-content\/uploads\/2024\/10\/IMG-20241011-WA0111-1536x1152.jpg 1536w, https:\/\/panamaimage.com\/noticias\/wp-content\/uploads\/2024\/10\/IMG-20241011-WA0111.jpg 1600w\" sizes=\"auto, (max-width: 1024px) 100vw, 1024px\" \/><\/a><\/figure>\n\n\n\n<p><\/p>\n\n\n\n<figure class=\"wp-block-image size-large\"><a href=\"https:\/\/panamaimage.com\/noticias\/wp-content\/uploads\/2024\/10\/IMG-20241011-WA0110.jpg\"><img loading=\"lazy\" decoding=\"async\" width=\"1024\" height=\"768\" src=\"https:\/\/panamaimage.com\/noticias\/wp-content\/uploads\/2024\/10\/IMG-20241011-WA0110-1024x768.jpg\" alt=\"\" class=\"wp-image-3739\" title=\"\" srcset=\"https:\/\/panamaimage.com\/noticias\/wp-content\/uploads\/2024\/10\/IMG-20241011-WA0110-1024x768.jpg 1024w, https:\/\/panamaimage.com\/noticias\/wp-content\/uploads\/2024\/10\/IMG-20241011-WA0110-300x225.jpg 300w, https:\/\/panamaimage.com\/noticias\/wp-content\/uploads\/2024\/10\/IMG-20241011-WA0110-768x576.jpg 768w, https:\/\/panamaimage.com\/noticias\/wp-content\/uploads\/2024\/10\/IMG-20241011-WA0110-1536x1152.jpg 1536w, https:\/\/panamaimage.com\/noticias\/wp-content\/uploads\/2024\/10\/IMG-20241011-WA0110.jpg 1600w\" sizes=\"auto, (max-width: 1024px) 100vw, 1024px\" \/><\/a><\/figure>\n\n\n\n<figure class=\"wp-block-image size-large\"><a href=\"https:\/\/panamaimage.com\/noticias\/wp-content\/uploads\/2024\/10\/IMG-20241011-WA0114.jpg\"><img loading=\"lazy\" decoding=\"async\" width=\"576\" height=\"1024\" src=\"https:\/\/panamaimage.com\/noticias\/wp-content\/uploads\/2024\/10\/IMG-20241011-WA0114-576x1024.jpg\" alt=\"\" class=\"wp-image-3736\" title=\"\" srcset=\"https:\/\/panamaimage.com\/noticias\/wp-content\/uploads\/2024\/10\/IMG-20241011-WA0114-576x1024.jpg 576w, https:\/\/panamaimage.com\/noticias\/wp-content\/uploads\/2024\/10\/IMG-20241011-WA0114-169x300.jpg 169w, https:\/\/panamaimage.com\/noticias\/wp-content\/uploads\/2024\/10\/IMG-20241011-WA0114-768x1365.jpg 768w, https:\/\/panamaimage.com\/noticias\/wp-content\/uploads\/2024\/10\/IMG-20241011-WA0114-864x1536.jpg 864w, https:\/\/panamaimage.com\/noticias\/wp-content\/uploads\/2024\/10\/IMG-20241011-WA0114.jpg 900w\" sizes=\"auto, (max-width: 576px) 100vw, 576px\" \/><\/a><\/figure>\n\n\n\n<p><\/p>\n\n\n\n<figure class=\"wp-block-image size-large\"><a href=\"https:\/\/panamaimage.com\/noticias\/wp-content\/uploads\/2024\/10\/IMG-20241011-WA0113.jpg\"><img loading=\"lazy\" decoding=\"async\" width=\"576\" height=\"1024\" src=\"https:\/\/panamaimage.com\/noticias\/wp-content\/uploads\/2024\/10\/IMG-20241011-WA0113-576x1024.jpg\" alt=\"\" class=\"wp-image-3735\" title=\"\" srcset=\"https:\/\/panamaimage.com\/noticias\/wp-content\/uploads\/2024\/10\/IMG-20241011-WA0113-576x1024.jpg 576w, https:\/\/panamaimage.com\/noticias\/wp-content\/uploads\/2024\/10\/IMG-20241011-WA0113-169x300.jpg 169w, https:\/\/panamaimage.com\/noticias\/wp-content\/uploads\/2024\/10\/IMG-20241011-WA0113-768x1365.jpg 768w, https:\/\/panamaimage.com\/noticias\/wp-content\/uploads\/2024\/10\/IMG-20241011-WA0113-864x1536.jpg 864w, https:\/\/panamaimage.com\/noticias\/wp-content\/uploads\/2024\/10\/IMG-20241011-WA0113.jpg 900w\" sizes=\"auto, (max-width: 576px) 100vw, 576px\" \/><\/a><\/figure>\n","protected":false},"excerpt":{"rendered":"<p>Al cierre de septiembre, Banconal alcanz\u00f3 una cartera total de B\/. 8,015.5 millones, un crecimiento del 20% respecto al 2023, reafirmando su compromiso con productos y servicios financieros de calidad. Panam\u00e1, 11 de octubre de 2024. En el marco de su 120 aniversario, Banco Nacional de Panam\u00e1 cimenta su liderazgo en el impulso al sector [&hellip;]<\/p>\n","protected":false},"author":3,"featured_media":3737,"parent":0,"menu_order":0,"comment_status":"closed","ping_status":"closed","template":"","meta":{"footnotes":""},"class_list":["post-3734","page","type-page","status-publish","has-post-thumbnail","hentry"],"_links":{"self":[{"href":"https:\/\/panamaimage.com\/noticias\/wp-json\/wp\/v2\/pages\/3734","targetHints":{"allow":["GET"]}}],"collection":[{"href":"https:\/\/panamaimage.com\/noticias\/wp-json\/wp\/v2\/pages"}],"about":[{"href":"https:\/\/panamaimage.com\/noticias\/wp-json\/wp\/v2\/types\/page"}],"author":[{"embeddable":true,"href":"https:\/\/panamaimage.com\/noticias\/wp-json\/wp\/v2\/users\/3"}],"replies":[{"embeddable":true,"href":"https:\/\/panamaimage.com\/noticias\/wp-json\/wp\/v2\/comments?post=3734"}],"version-history":[{"count":1,"href":"https:\/\/panamaimage.com\/noticias\/wp-json\/wp\/v2\/pages\/3734\/revisions"}],"predecessor-version":[{"id":3743,"href":"https:\/\/panamaimage.com\/noticias\/wp-json\/wp\/v2\/pages\/3734\/revisions\/3743"}],"wp:featuredmedia":[{"embeddable":true,"href":"https:\/\/panamaimage.com\/noticias\/wp-json\/wp\/v2\/media\/3737"}],"wp:attachment":[{"href":"https:\/\/panamaimage.com\/noticias\/wp-json\/wp\/v2\/media?parent=3734"}],"curies":[{"name":"wp","href":"https:\/\/api.w.org\/{rel}","templated":true}]}}

Banconal celebra 120 años reafirmando su compromiso con el sector agropecuario

<p></p>



<p>Al cierre de septiembre, Banconal alcanzó una cartera total de B/. 8,015.5 millones, un crecimiento del 20% respecto al 2023, reafirmando su compromiso con productos y servicios financieros de calidad.</p>



<p>Panamá, 11 de octubre de 2024. En el marco de su 120 aniversario, Banco Nacional de Panamá cimenta su liderazgo en el impulso al sector agropecuario, con un crecimiento sostenido. Durante su 3er. Encuentro Agropecuario de Invierno, la entidad no sólo destacó su apoyo continuo a los productores, sino que también llevó a cabo la entrega de la condecoración Luis Ernesto Díaz García de Paredes, un homenaje póstumo a este íntegro banquero, productor y defensor del sector agropecuario, quien sirvió a esta entidad bancaria durante 40 años. Este reconocimiento celebra las buenas prácticas de los productores en sus empresas, resaltando su invaluable contribución al fortalecimiento del sector primario y la sostenibilidad de la agroindustria panameña.</p>



<p>Crecimiento Financiero Sustancial: Al cierre del mes de septiembre de 2024, Banconal alcanzó una cartera total agropecuaria de B/. 647.0 millones, lo que representa un incremento de B/. 33.7 millones en comparación con los B/. 613.3 millones del mismo periodo del año pasado. Este crecimiento del 5% evidencia el compromiso del banco de seguir fortaleciendo su presencia en el mercado, a través de productos y servicios financieros de calidad.</p>



<p>Javier Carrizo Esquivel, gerente general de Banco Nacional de Panamá, destacó este logro, resaltando que «este importante crecimiento es el resultado del esfuerzo continuo de toda la fuerza Banconal, enfocada en brindar un servicio de excelencia a su Majestad el Cliente».</p>



<p>Del total de la cartera agropecuaria, B/. 487.7 millones corresponden a préstamos destinado a la ganadería; B/.146.1 millones al sector agrícola, reflejando un incremento de B/. 17.5 y B/. 13.1 millones respectivamente, con respecto al cierre de septiembre de 2023. «Este aumento refuerza nuestro apoyo constante a los sectores clave de la economía, como el agropecuario que es fundamental para el desarrollo sostenible y la seguridad alimentaria del país», añadió Carrizo Esquivel.</p>



<p>Cabe destacar que la entidad tiene presupuestado desembolsar un monto de B/.63.9 millones para apoyar al productor agropecuario de la región metropolitana (Panamá, Panamá Oeste, Colón y Darién), durante el 2024.</p>



<p>Reconocimiento Luis Díaz y 3er. Encuentro Agropecuario de Invierno: Durante el Encuentro Agropecuario de Invierno, Banconal resaltó su sostenido apoyo a los productores con capacitación continua, destacando temas cruciales para el futuro de este segmento, como la «Experiencia en el Emprendimiento para la Producción de Arroz Bajo en Carbono», presentado por Karen González, presidenta de la Asociación Nacional de Productoras y Pioneras en Arroz Bajo en Carbono. El evento también incluyó un análisis sobre el impacto de la desgravación del Tratado de Promoción Comercial (TPC) en el agro, a cargo de Alexis Arcenio Pineda.</p>



<p>El evento fue propicio para reconocer a un grupo destacado de líderes en el sector. El galardón Luis Ernesto Díaz se entregó a: Price Peterson, de Hacienda La Esmeralda; Fantina Barranco de Arce y Jesús Arce Valbuena, del Grupo Arce e Ilca Molina Ocaña. Adicional, se entregó por primera vez la categoría “Relevo Generacional” a José Alcibiades Espinosa Domínguez, de Porcinocultura Don Bosco.</p>



<p>El compromiso de cada uno y su visión estratégica han impulsado el desarrollo y sostenibilidad del sector agropecuario en Panamá. Estos reconocimientos destacan la importancia del liderazgo en la preservación y crecimiento de empresas, clave para la economía del país.</p>



<figure class="wp-block-image size-large"><a href="https://panamaimage.com/noticias/wp-content/uploads/2024/10/IMG-20241011-WA0108.jpg"><img loading="lazy" decoding="async" width="1024" height="768" src="https://panamaimage.com/noticias/wp-content/uploads/2024/10/IMG-20241011-WA0108-1024x768.jpg" alt="" class="wp-image-3742" title="" srcset="https://panamaimage.com/noticias/wp-content/uploads/2024/10/IMG-20241011-WA0108-1024x768.jpg 1024w, https://panamaimage.com/noticias/wp-content/uploads/2024/10/IMG-20241011-WA0108-300x225.jpg 300w, https://panamaimage.com/noticias/wp-content/uploads/2024/10/IMG-20241011-WA0108-768x576.jpg 768w, https://panamaimage.com/noticias/wp-content/uploads/2024/10/IMG-20241011-WA0108-1536x1152.jpg 1536w, https://panamaimage.com/noticias/wp-content/uploads/2024/10/IMG-20241011-WA0108.jpg 1600w" sizes="auto, (max-width: 1024px) 100vw, 1024px" /></a></figure>



<figure class="wp-block-image size-large"><a href="https://panamaimage.com/noticias/wp-content/uploads/2024/10/IMG-20241011-WA0112.jpg"><img loading="lazy" decoding="async" width="1024" height="768" src="https://panamaimage.com/noticias/wp-content/uploads/2024/10/IMG-20241011-WA0112-1024x768.jpg" alt="" class="wp-image-3741" title="" srcset="https://panamaimage.com/noticias/wp-content/uploads/2024/10/IMG-20241011-WA0112-1024x768.jpg 1024w, https://panamaimage.com/noticias/wp-content/uploads/2024/10/IMG-20241011-WA0112-300x225.jpg 300w, https://panamaimage.com/noticias/wp-content/uploads/2024/10/IMG-20241011-WA0112-768x576.jpg 768w, https://panamaimage.com/noticias/wp-content/uploads/2024/10/IMG-20241011-WA0112-1536x1152.jpg 1536w, https://panamaimage.com/noticias/wp-content/uploads/2024/10/IMG-20241011-WA0112.jpg 1600w" sizes="auto, (max-width: 1024px) 100vw, 1024px" /></a></figure>



<p></p>



<figure class="wp-block-image size-large"><a href="https://panamaimage.com/noticias/wp-content/uploads/2024/10/IMG-20241011-WA0109.jpg"><img loading="lazy" decoding="async" width="1024" height="768" src="https://panamaimage.com/noticias/wp-content/uploads/2024/10/IMG-20241011-WA0109-1024x768.jpg" alt="" class="wp-image-3738" title="" srcset="https://panamaimage.com/noticias/wp-content/uploads/2024/10/IMG-20241011-WA0109-1024x768.jpg 1024w, https://panamaimage.com/noticias/wp-content/uploads/2024/10/IMG-20241011-WA0109-300x225.jpg 300w, https://panamaimage.com/noticias/wp-content/uploads/2024/10/IMG-20241011-WA0109-768x576.jpg 768w, https://panamaimage.com/noticias/wp-content/uploads/2024/10/IMG-20241011-WA0109-1536x1152.jpg 1536w, https://panamaimage.com/noticias/wp-content/uploads/2024/10/IMG-20241011-WA0109.jpg 1600w" sizes="auto, (max-width: 1024px) 100vw, 1024px" /></a></figure>



<p></p>



<figure class="wp-block-image size-large"><a href="https://panamaimage.com/noticias/wp-content/uploads/2024/10/IMG-20241011-WA0111.jpg"><img loading="lazy" decoding="async" width="1024" height="768" src="https://panamaimage.com/noticias/wp-content/uploads/2024/10/IMG-20241011-WA0111-1024x768.jpg" alt="" class="wp-image-3740" title="" srcset="https://panamaimage.com/noticias/wp-content/uploads/2024/10/IMG-20241011-WA0111-1024x768.jpg 1024w, https://panamaimage.com/noticias/wp-content/uploads/2024/10/IMG-20241011-WA0111-300x225.jpg 300w, https://panamaimage.com/noticias/wp-content/uploads/2024/10/IMG-20241011-WA0111-768x576.jpg 768w, https://panamaimage.com/noticias/wp-content/uploads/2024/10/IMG-20241011-WA0111-1536x1152.jpg 1536w, https://panamaimage.com/noticias/wp-content/uploads/2024/10/IMG-20241011-WA0111.jpg 1600w" sizes="auto, (max-width: 1024px) 100vw, 1024px" /></a></figure>



<p></p>



<figure class="wp-block-image size-large"><a href="https://panamaimage.com/noticias/wp-content/uploads/2024/10/IMG-20241011-WA0110.jpg"><img loading="lazy" decoding="async" width="1024" height="768" src="https://panamaimage.com/noticias/wp-content/uploads/2024/10/IMG-20241011-WA0110-1024x768.jpg" alt="" class="wp-image-3739" title="" srcset="https://panamaimage.com/noticias/wp-content/uploads/2024/10/IMG-20241011-WA0110-1024x768.jpg 1024w, https://panamaimage.com/noticias/wp-content/uploads/2024/10/IMG-20241011-WA0110-300x225.jpg 300w, https://panamaimage.com/noticias/wp-content/uploads/2024/10/IMG-20241011-WA0110-768x576.jpg 768w, https://panamaimage.com/noticias/wp-content/uploads/2024/10/IMG-20241011-WA0110-1536x1152.jpg 1536w, https://panamaimage.com/noticias/wp-content/uploads/2024/10/IMG-20241011-WA0110.jpg 1600w" sizes="auto, (max-width: 1024px) 100vw, 1024px" /></a></figure>



<figure class="wp-block-image size-large"><a href="https://panamaimage.com/noticias/wp-content/uploads/2024/10/IMG-20241011-WA0114.jpg"><img loading="lazy" decoding="async" width="576" height="1024" src="https://panamaimage.com/noticias/wp-content/uploads/2024/10/IMG-20241011-WA0114-576x1024.jpg" alt="" class="wp-image-3736" title="" srcset="https://panamaimage.com/noticias/wp-content/uploads/2024/10/IMG-20241011-WA0114-576x1024.jpg 576w, https://panamaimage.com/noticias/wp-content/uploads/2024/10/IMG-20241011-WA0114-169x300.jpg 169w, https://panamaimage.com/noticias/wp-content/uploads/2024/10/IMG-20241011-WA0114-768x1365.jpg 768w, https://panamaimage.com/noticias/wp-content/uploads/2024/10/IMG-20241011-WA0114-864x1536.jpg 864w, https://panamaimage.com/noticias/wp-content/uploads/2024/10/IMG-20241011-WA0114.jpg 900w" sizes="auto, (max-width: 576px) 100vw, 576px" /></a></figure>



<p></p>



<figure class="wp-block-image size-large"><a href="https://panamaimage.com/noticias/wp-content/uploads/2024/10/IMG-20241011-WA0113.jpg"><img loading="lazy" decoding="async" width="576" height="1024" src="https://panamaimage.com/noticias/wp-content/uploads/2024/10/IMG-20241011-WA0113-576x1024.jpg" alt="" class="wp-image-3735" title="" srcset="https://panamaimage.com/noticias/wp-content/uploads/2024/10/IMG-20241011-WA0113-576x1024.jpg 576w, https://panamaimage.com/noticias/wp-content/uploads/2024/10/IMG-20241011-WA0113-169x300.jpg 169w, https://panamaimage.com/noticias/wp-content/uploads/2024/10/IMG-20241011-WA0113-768x1365.jpg 768w, https://panamaimage.com/noticias/wp-content/uploads/2024/10/IMG-20241011-WA0113-864x1536.jpg 864w, https://panamaimage.com/noticias/wp-content/uploads/2024/10/IMG-20241011-WA0113.jpg 900w" sizes="auto, (max-width: 576px) 100vw, 576px" /></a></figure>

<p>Al cierre de septiembre, Banconal alcanzó una cartera total de B/. 8,015.5 millones, un crecimiento del 20% respecto al 2023, reafirmando su compromiso con productos y servicios financieros de calidad. Panamá, 11 de octubre de 2024. En el marco de su 120 aniversario, Banco Nacional de Panamá cimenta su liderazgo en el impulso al sector [&hellip;]</p>
